s - 2*h - 349 = 0, h = -s + q + 71. What are the prime factors of s?
3, 13
Let p(j) = -1021*j**2 - 66*j + 1014*j**2 + 2*j**3 + 10 + 1. List the prime factors of p(11).
2, 5, 11
Let l = -103 - -110. Suppose 0 = -l*i + 11*i + 5*u - 640, 0 = u - 4. List the prime factors of i.
5, 31
Suppose 0 = -2*b + 2*i + 15 - 5, 0 = b + 4*i. Suppose -b*w - t + 8953 = 3181, 0 = -2*t. What are the prime factors of w?
3, 13, 37
Suppose 4*k = -18*o + 20*o + 2070, 2568 = 5*k + 4*o. Let g = k + -256. List the prime factors of g.
2, 5, 13
Let z(k) = 39 - 34 - 7*k - 4*k**2 + 6*k**2 - 3*k**2. Let n be z(-10). Let y = -22 - n. List the prime factors of y.
3
Let l(v) be the second derivative of 85*v**4/12 - 2*v**3 + 9*v**2 + 8*v. List the prime factors of l(2).
2, 167
Suppose 0 = 2*v + 4*i - 2, -5*v + 3*v + 5 = i. Suppose 9*h - 438 = v*h. Let o = -43 + h. List the prime factors of o.
2, 3, 5
Let a be 8/(-2) - (-4 - -388 - -9). Let v = a + 626. What are the prime factors of v?
229
Suppose 0 = 10*j - 28*j + 72. Suppose -j*p + 215 = -2757. What are the prime factors of p?
743
Let t(h) = 5*h + 12. Let f be t(0). Let p be (2 + 0)/(4/f). Let d = 41 - p. What are the prime factors of d?
5, 7
Let y be (-16)/(-8)*1135/10. Let q = y - -656. What are the prime factors of q?
883
Suppose -4*k + 2*y - 2528 = 0, -3*y + 769 = -k + 147. Let i = k - -953. List the prime factors of i.
11, 29
Let u = -32 - -8. Let b = u - 10. Let p = b + 109. List the prime factors of p.
3, 5
Let q(d) = d**3 - 55*d**2 + 234*d - 90. List the prime factors of q(53).
2, 3347
Let b(x) = -1499*x**2 - 2*x + 1. Let h be b(1). Let u = h + 873. List the prime factors of (-1)/(4 + u/156).
2, 13
Suppose 120*d = 737823 + 33657. List the prime factors of d.
3, 2143
Let x(m) = 2*m - 46. Let u be x(11). List the prime factors of (-5)/20 + 2/(u/(-14067)).
2, 293
Suppose 19*j - 160 = -j. Suppose j*a - 385 = -3*a. List the prime factors of a.
5, 7
Let m = 21783 - 13523. List the prime factors of m.
2, 5, 7, 59
Let g be 0 + 2 + 2 + 3. What are the prime factors of 56/g - 2/(2/(-3))?
11
Suppose -4749011 + 1612351 - 2617260 = -160*m. List the prime factors of m.
2, 17981
Suppose 4*r - 20 = 0, -5*r + 167 + 1490 = 4*y. Let v be (168/140)/((-9)/(-30)). Suppose -12*z + v*z + y = 0. List the prime factors of z.
3, 17
Let k(r) = -15*r - 103. Let d be k(-7). Suppose 0 = d*n - 1126 - 654. List the prime factors of n.
2, 5, 89
Suppose -5*j + 30 - 11 = 2*o, 3*o = j + 3. Suppose -2*d + 4*d = -4*h + 2472, -j*h - 2493 = -2*d. List the prime factors of d.
2, 3, 23
Let i be (2/(-4))/(2/12). Let f(r) = -54*r - 176. Let l be f(-3). What are the prime factors of (i + 2)/(2/l)?
7
Let w = 3582 - 1903. What are the prime factors of w?
23, 73
Let g = 157 + -154. Suppose 2*z + 223 = g*z + 4*u, -5*z + 1225 = -2*u. What are the prime factors of z?
3
Suppose -3*z + 6*z = 0. Suppose -9*t + 7*t + 118 = z. Suppose 5*x - t - 146 = 0. What are the prime factors of x?
41
Let g(f) = -3*f**2 - 33*f + 27. Let w be g(-13). What are the prime factors of (-2154 + (0 - 0))/(102/w)?
3, 359
Let p = 14063 - -3309. What are the prime factors of p?
2, 43, 101
Let l(y) = -y**2 - 8*y + 24. Let d be l(-10). Let o = -625 + 1115. Suppose 0*m - o = -5*m + d*n, -3*m = -3*n - 291. What are the prime factors of m?
2, 3, 17
Suppose 0 = 25*c - 97 + 22. Suppose -4*j + 2388 = 4*g, -c*g + 713 = -j - 1098. What are the prime factors of g?
2, 7, 43
Let l(g) = -2*g - 23. Let a be l(-12). Let i(n) = 428*n**3 + 2*n**2 + n - 2. What are the prime factors of i(a)?
3, 11, 13
Suppose -669881 + 60156 = -23*v + 305077. List the prime factors of v.
2, 3, 7, 947
Let z = 158 - 91. Suppose -2*v + z = -9. Let o = v - 33. What are the prime factors of o?
5
Let w(n) be the third derivative of -1/6*n**4 - 2/3*n**3 + 0*n - 1/24*n**6 + 9*n**2 - 1/30*n**5 + 0. What are the prime factors of w(-2)?
2, 3
What are the prime factors of (-5242)/(-3)*(26 - (38 - 15))?
2, 2621
Suppose 10*r + 51981 - 713941 = 0. List the prime factors of r.
2, 13, 19, 67
Let v(r) = -713*r + 485. List the prime factors of v(-22).
103, 157
Let k = -73 - -79. Suppose x + 10*a - 20 = k*a, x = 2*a - 10. Suppose x = 5*i + 3*j + j - 97, 0 = 5*j - 15. What are the prime factors of i?
17
Suppose 604 + 182 = 3*m. Suppose 62 - m = -5*g. What are the prime factors of (-522)/24*g/(-6)?
5, 29
Let z be 0/2 + -2 + 0. Let y(x) = -186*x + 42. Let u(s) = -45*s + 10. Let w(g) = 9*u(g) - 2*y(g). List the prime factors of w(z).
2, 3
Let f(c) = 119*c**3 + 2*c**2 + c - 1. Let g be f(4). Suppose 7*z = -2478 + g. Suppose 4*b - z = i - 4*i, -b + 179 = -5*i. List the prime factors of b.
2, 23
Suppose -5706 + 104 = -5*p + 9613. What are the prime factors of p?
17, 179
Let g be 2/(-3) - (-42)/9. Suppose -2*d + g*d = -98. Let f = 152 + d. What are the prime factors of f?
103
Let c = -29 - -16. Let a be (10 + c)*2/(-3). Suppose -3*f - 5*s = -0*f - 110, a*f - 78 = -s. List the prime factors of f.
2, 5
Let x(l) = l**3 + 19*l**2 + 19*l + 26. Let b be x(-18). Let m be (b*(-4)/40)/((-4)/30). What are the prime factors of (-747)/m*4/(-6)?
83
Let v(l) = 4*l**3 - 4*l**2 + l - 6. Let z(o) = o + 3. Let d be z(11). Suppose -d = 2*s - 20. List the prime factors of v(s).
3, 23
Let t(l) = 23*l**2 - l + 6. Let w(r) = -42*r**2 + r - 11. Let s(b) = -9*t(b) - 5*w(b). Suppose -a + 0 + 4 = 0. List the prime factors of s(a).
5, 13
Suppose 3*b = 3*d + 9810, -5*b - 48*d + 16344 = -50*d. List the prime factors of b.
2, 19, 43
Let i(s) = -12*s**2 + 208*s - 11. List the prime factors of i(12).
757
Suppose 100 = -5*l + 4*s - 64, l + 16 = 5*s. Let p(y) = -y**2 - y - 1. Let d be p(0). List the prime factors of d/4 - 2205/l.
61
Let p = 17 - 14. Suppose 0 = -0*x + x - p. Suppose 81 + 45 = x*q. List the prime factors of q.
2, 3, 7
Suppose -7*t + 3*t - 5*h + 88 = 0, 4*h = 2*t - 18. Let d(v) = v**2 + 3*v + 3. List the prime factors of d(t).
7
Suppose 211*m - 580128 = 179*m. List the prime factors of m.
3, 6043
Let w(h) = 3899*h**2 + 783*h + 3132. List the prime factors of w(-4).
2, 7, 557
Let i = 6537 + -4157. What are the prime factors of i?
2, 5, 7, 17
Suppose p = -4*n - 16, 38 = -2*p - 2*n + 12. Let w = -103 + 74. Let g = p - w. What are the prime factors of g?
17
Let c be (-9)/(-45) + 2 + 2/(-10). Suppose 3*u - 531 = -3*q, 407 - 38 = c*q - u. List the prime factors of q.
2, 7, 13
Suppose 5*o - 15 = 10*o. Let s be 8/o*(-3)/4. Suppose -2*q + 102 = 3*g, -2*g - s*g = -2*q + 102. What are the prime factors of q?
3, 17
Let w = 299 - 508. Let m = 573 + w. List the prime factors of m.
2, 7, 13
Suppose 4*k + w - 16844 = 0, -14*w - 4222 = -k - 17*w. What are the prime factors of k?
2, 5, 421
Suppose -3*c = -3*a - 9, 0 = -0*c - 3*c - 5*a + 49. Suppose 18*m - 17732 = -c*m. List the prime factors of m.
2, 11, 31
Suppose -4*a + 227 = -5*b + 7, -a + 30 = 5*b. Suppose -a*n + 8*n = -5292. List the prime factors of n.
2, 3, 7
Suppose -4*r = -3*r - 119. Let w be (r - 1 - 0)/2. Suppose 3*i = w + 13. What are the prime factors of i?
2, 3
Let d be (-4)/6 - 10528/(-42). Suppose 0 = -y - d - 313. Let h = -357 - y. What are the prime factors of h?
2, 103
Suppose -4*g + 41 = q, -9*g = 2*q - 11*g - 22. What are the prime factors of q?
17
Suppose -4*v = -3*d + 7*d + 116, d = -1. Let f be (658/v)/((-1)/(-2)). Let x = f - -78. What are the prime factors of x?
31
Let h(z) = 4*z**2 + 3*z - 18. Let r(k) = -7*k**2 - 7*k + 36. Let a(w) = -5*h(w) - 3*r(w). Suppose -4*u + 30 = -7*u. List the prime factors of a(u).
2, 11
Let t(x) = 239*x + 638. List the prime factors of t(26).
2, 3, 571
Let m be (-2 - -1 - 197)*(-1)/2. Let f = m + -75. List the prime factors of f.
2, 3
Suppose -9*n + 26*n - 148308 = 0. List the prime factors of n.
2, 3, 727
List the prime factors of (-4)/8*-17242 + 8.
8629
Let t(j) = 2*j**2 + 5*j - 12. Let h be t(6). Let m = 26 - h. Let o = m - -205. List the prime factors of o.
3, 47
Let l(d) = 36*d - 34. Let u be l(1). Suppose u*t + 1782 = 5*m, -4*m + 1066 = -m + 2*t. What are the prime factors of m?
2, 89
Let r be 3 + 26*(-15)/(-10). Let z be (13 + -14)/((-2)/28). List the prime factors of (54/r)/3 + 1072/z.
7, 11
Let r = -5625 - -8258. What are the prime factors of r?
2633
Suppose -b + 225 = -5*t - 6*b, 0 = t - 5*b + 27. Let o = 70 - t. Suppose 0*r = m - 4*r - o, -m + 5*r + 116 = 0. What are the prime fa